 of 13844907?
True
Does 18 divide 4071624?
False
Is 506 a factor of 80244516?
True
Is 22008972 a multiple of 94?
True
Is 66059835 a multiple of 17?
False
Is 449 a factor of 2007614149?
True
Is 8316794 a multiple of 143?
False
Is 3 a factor of 53329649?
False
Is 353725322 a multiple of 94?
False
Is 1627536120 a multiple of 366?
True
Is 1197 a factor of 595817663?
False
Is 28979730 a multiple of 15?
True
Is 695813726 a multiple of 6195?
False
Does 2843 divide 558658029?
True
Is 310161630 a multiple of 15?
True
Is 1681004160 a multiple of 9880?
False
Does 69 divide 1349322808?
False
Does 15 divide 91802866?
False
Is 3251 a factor of 246145773?
False
Is 89 a factor of 1779857595?
False
Is 57099392 a multiple of 231?
False
Does 5 divide 25507709?
False
Is 128989872 a multiple of 53?
False
Is 2874 a factor of 118930182?
False
Is 20631900 a multiple of 1418?
True
Is 33410987 a multiple of 3?
False
Is 59 a factor of 903002316?
True
Does 37 divide 673937104?
False
Is 1053487107 a multiple of 364?
False
Is 101 a factor of 4782232?
False
Is 90 a factor of 21848310?
True
Is 13798805 a multiple of 500?
False
Is 60255504 a multiple of 348?
True
Is 8743135 a multiple of 347?
False
Is 230 a factor of 4102584060?
True
Does 445 divide 130429500?
True
Is 552 a factor of 11147557?
False
Does 31 divide 4420457?
False
Is 301030 a multiple of 2?
True
Does 4864 divide 1036164377?
False
Does 4 divide 27678748?
True
Is 378237009 a multiple of 131?
False
Is 19 a factor of 31018583?
True
Does 606 divide 10021811?
False
Does 15 divide 22521226?
False
Is 2079747877 a multiple of 131?
False
Is 407983797 a multiple of 8?
False
Is 69084049 a multiple of 28?
False
Is 97 a factor of 29308744?
True
Is 30925939 a multiple of 209?
True
Is 125609624 a multiple of 473?
False
Is 4307 a factor of 110217935?
False
Is 915448642 a multiple of 2398?
False
Does 58 divide 1312149962?
False
Is 28 a factor of 624139483?
False
Is 118 a factor of 29020470?
False
Is 258 a factor of 721203912?
True
Does 1290 divide 990720?
True
Does 55 divide 33033270?
False
Is 10376838 a multiple of 386?
True
Is 1031 a factor of 31300129?
True
Is 1675742870 a multiple of 63?
False
Is 39 a factor of 211953300?
True
Is 250 a factor of 38382250?
True
Is 132 a factor of 83055465?
False
Is 36 a factor of 2256325992?
True
Does 10 divide 592447090?
True
Is 69 a factor of 10848801?
True
Does 70 divide 216871913?
False
Does 227 divide 497196284?
True
Does 256 divide 25616128?
True
Is 508 a factor of 77062397?
False
Does 103 divide 27573661?
False
Is 43538552 a multiple of 20?
False
Does 64 divide 39004029?
False
Is 1654 a factor of 12042774?
True
Does 7 divide 3257837275?
True
Is 18 a factor of 277155422?
False
Does 25 divide 1309387?
False
Does 11 divide 2742163958?
False
Is 9 a factor of 315012483?
True
Is 15526591 a multiple of 539?
False
Is 113 a factor of 13476305?
False
Does 46 divide 94843582?
True
Is 513599027 a multiple of 13?
False
Does 914 divide 42671546?
False
Does 5395 divide 259364625?
True
Is 2576504 a multiple of 14?
True
Is 246734471 a multiple of 23?
False
Does 2830 divide 27413526?
False
Is 7593606 a multiple of 657?
True
Is 185 a factor of 324325579?
False
Is 2297779 a multiple of 88?
False
Is 946 a factor of 37871984?
False
Does 147 divide 118517280?
True
Is 262106384 a multiple of 920?
False
Is 9 a factor of 80751825?
True
Is 1669833190 a multiple of 215?
True
Does 8 divide 134539608?
True
Is 60 a factor of 35887500?
True
Is 2661 a factor of 64582588?
False
Is 3 a factor of 6064104?
True
Is 1133 a factor of 49741943?
False
Is 217 a factor of 74515847?
True
Does 17 divide 471118038?
False
Does 3 divide 1217950001?
False
Is 9 a factor of 13900185?
True
Does 12 divide 31751796?
True
Is 12 a factor of 1012675791?
False
Is 111 a factor of 7877450?
False
Is 1034 a factor of 314218748?
False
Is 462 a factor of 21521748?
False
Does 19 divide 6861491?
False
Is 74423448 a multiple of 8?
True
Does 11 divide 17629336?
False
Is 74353480 a multiple of 297?
False
Is 19 a factor of 17920138?
False
Is 1076185979 a multiple of 121?
True
Is 756 a factor of 215571132?
True
Is 9 a factor of 12820516?
False
Is 10 a factor of 244025021?
False
Is 416 a factor of 31200416?
True
Is 164 a factor of 1445550866?
False
Does 10 divide 7337840?
True
Is 2846625201 a multiple of 4617?
True
Does 36 divide 22103489?
False
Is 32520818 a multiple of 33?
False
Does 3 divide 76360305?
True
Is 379 a factor of 1103505875?
True
Does 9 divide 175030155?
True
Is 16 a factor of 31586905?
False
Is 25 a factor of 723021400?
True
Is 975696468 a multiple of 8384?
False
Does 42 divide 3925995060?
False
Is 2271996250 a multiple of 353?
True
Does 26 divide 11853530?
True
Is 31353043 a multiple of 46?
False
Is 147277696 a multiple of 4?
True
Does 24 divide 261303672?
True
Does 3100 divide 58608600?
True
Does 40 divide 197810433?
False
Is 56332276 a multiple of 22?
True
Is 142 a factor of 6166759?
False
Does 890 divide 372971588?
False
Is 58344285 a multiple of 2105?
True
Is 679042119 a multiple of 487?
True
Does 362 divide 19565139?
False
Does 203 divide 17322151?
False
Is 61250034 a multiple of 57?
True
Is 170695907 a multiple of 10?
False
Does 14 divide 209007274?
True
Is 536 a factor of 547300318?
False
Does 9 divide 157581184?
False
Does 4979 divide 1239601714?
True
Is 182190800 a multiple of 3760?
True
Does 190 divide 337770980?
True
Does 209 divide 28734018?
False
Is 3038 a factor of 118688584?
True
Is 322099752 a multiple of 1261?
True
Is 16204860 a multiple of 20?
True
Does 66 divide 252963348?
True
Does 53 divide 4113795?
False
Is 75 a factor of 7163278?
False
Does 37 divide 236792651?
False
Is 47 a factor of 62394192?
True
Is 308 a factor of 108066728?
True
Is 3274299600 a multiple of 1950?
True
Does 24 divide 1303920984?
True
Is 83449461 a multiple of 8?
False
Is 57052554 a multiple of 741?
True
Is 595890720 a multiple of 165?
False
Is 6600306 a multiple of 94?
False
Is 26747016 a multiple of 24?
True
Is 332267885 a multiple of 105?
False
Is 925121860 a multiple of 20?
True
Does 29 divide 136274190?
True
Does 7 divide 701520492?
False
Is 467545372 a multiple of 6490?
False
Does 44 divide 421944161?
False
Is 1277 a factor of 479167433?
True
Is 91 a factor of 1010977695?
True
Is 133338000 a multiple of 1878?
True
Is 81167037 a multiple of 21?
True
Is 4 a factor of 80953794?
False
Is 2008278 a multiple of 27?
False
Is 2 a factor of 4559408?
True
Is 46278773 a multiple of 99?
False
Does 92 divide 45062660?
False
Does 137 divide 36493924?
False
Is 387150555 a multiple of 1443?
False
Is 4 a factor of 761753?
False
Is 1391886 a multiple of 60?
False
Does 1886 divide 298851334?
False
Is 29061970 a multiple of 10?
True
Is 36547858 a multiple of 21?
False
Is 113310177 a multiple of 329?
False
Is 223 a factor of 1049171515?
True
Is 156 a factor of 5304359112?
True
Is 399409503 a multiple of 14?
False
Does 20 divide 151123421?
False
Does 9249 divide 801027398?
False
Does 4357 divide 2309660212?
False
Is 94759799 a multiple of 27?
False
Is 68 a factor of 202672239?
False
Is 359610491 a multiple of 18?
False
Does 128 divide 236240572?
False
Is 100 a factor of 46742400?
True
Is 621 a factor of 10220762?
False
Is 66 a factor of 5695914?
False
Is 668440097 a multiple of 5?
False
Is 595211950 a multiple of 5?
True
Does 28 divide 240986984?
True
Does 12 divide 330060264?
True
Is 1753149312 a multiple of 7008?
True
Does 40 divide 705245268?
False
Does 421 divide 23865399?
False
Does 107 divide 113692636?
True
Is 56 a factor of 1951432?
True
Is 388512139 a multiple of 55?
False
Does 647 divide 62929808?
True
Is 178 a factor of 328070732?
True
Is 336160446 a multiple of 1310?
False
Does 1487 divide 928402502?
True
Is 13 a factor of 16930572?
False
Is 390 a factor of 102389529?
False
Is 65622472 a multiple of 172?
True
Is 29 a factor of 35023068?
True
Is 281520328 a multiple of 2962?
True
Does 40 divide 41606322?
False
Is 6 a factor of 857748055?
False
Is 788 a factor of 46292813?
False
Is 190 a factor of 39361273?
False
Does 2 divide 106932629?
False
Is 38 a factor of 34314863?
False
Does 623 divide 11335485?
True
Is 1485952821 a multiple of 75?
False
Is 35 a factor of 36647305?
False
Is 45 a factor of 143107290?
True
Is 10895581 a multiple of 370?
False
Is